tor of 6 and x.
6
Let x = -69 + 97. Let a = 239 + -368. Let v = a - -150. What is the highest common factor of x and v?
7
Let k(d) = -d**2 - 31*d - 90. Let p be -10 + 13 - 10*3. Let t be k(p). Calculate the highest common factor of t and 78.
6
Let t(p) = 2*p**2 - 8*p + 685. Let a be t(0). What is the greatest common divisor of a and 1096?
137
Suppose 2*z - 614 = -7*z + 358. What is the greatest common factor of 276 and z?
12
Let v(f) be the second derivative of f**3/2 - 7*f**2/2 + f. Let g be v(3). Suppose -69*b - 82*b + 3322 = 0. Calculate the greatest common factor of b and g.
2
Let b(p) = -p**2 - 5*p + 24. Let r be b(-8). Suppose r = 409*v - 416*v + 5670. Calculate the highest common divisor of v and 10.
10
Let a = 41 + -37. Suppose -9*w + 13*w = -a*q + 1648, -3*q = -2*w - 1256. Calculate the greatest common factor of q and 26.
26
Let m be 32/4 + (-7 - 4 - -19). Let t be ((-156)/(-91))/((-4)/(-14)). Let k be (3/t)/(3/144). Calculate the greatest common factor of m and k.
8
Suppose -690*i + 705*i = 345. Let l(m) = -5*m**3 + m**2 - 2*m + 1. Let j be l(1). Let n = j - -74. Calculate the highest common factor of n and i.
23
Suppose 8*s - 105 = -7*s. Let w(d) = 2*d**2 + 5*d + 27. Let l be w(s). Calculate the highest common divisor of l and 64.
32
Suppose 0 = -d + y - 0*y + 6, 2*y = -d. Suppose -w - 139 = -4*a + 2*a, a - d*w - 73 = 0. What is the greatest common factor of 276 and a?
69
Suppose -2*s - 5074 = -3*o, 15*o = 19*o + 2*s - 6756. What is the highest common factor of o and 1521?
169
Let r(c) = 1999*c - 33953. Let n be r(17). Suppose 106 + 144 = 5*t. What is the highest common factor of t and n?
10
Suppose 5*c - 69 = 116. Suppose -14*j = -c - 19. Let d be 27/(-6)*-12*j. Calculate the greatest common factor of 27 and d.
27
Let b(g) = 18*g**2 + 156*g - 78. Let x be b(-9). Let t be 1 + -1 + 1 - 1. Let a be x*2*(2 + -3 - t). What is the highest common factor of 120 and a?
24
Suppose 5*l - 1572 = -362. Suppose -81 - 21 = -5*s - 4*q, -3*s + 2*q = -70. What is the highest common factor of l and s?
22
Let h(s) = -s**3 - 26*s**2 - 25*s + 4. Let u be h(-25). Suppose 5*o = u*r - 298, 2*r = -2*o + 186 - 46. Calculate the highest common divisor of 18 and r.
18
Suppose -2*o = -5*z + z + 688, 0 = 2*o - 2*z + 696. Let x be ((o/(-40))/(-11))/(2/(-125)). What is the highest common divisor of x and 10?
10
Let s(v) = -2*v - 1. Let r be s(-10). Suppose 0 = o + 2*x - 24, -4*o - 93 = -7*o - 3*x. What is the highest common divisor of o and r?
19
Let o = 2 + 0. Let x(r) = -r**3 - 63*r**2 - 69*r - 416. Let h be x(-62). What is the highest common factor of o and h?
2
Suppose 42*y = -4*f + 45*y + 781, -183 = -f - y. Calculate the highest common divisor of f and 135.
5
Suppose c - 155 = -5*f, 108 = 4*f - 4*c - 40. Suppose -2*j = 3*w - 41, 3*j = -2*w + w + 51. Calculate the highest common factor of j and f.
16
Suppose 2*c + 34 = 300. Let i = c - 122. Calculate the highest common factor of 99 and i.
11
Suppose 4*z - 94830 - 14404 = y, 3*y + 109222 = 4*z. What is the highest common factor of 10 and z?
10
Let x be (2 - (5 + -7))*104. What is the greatest common divisor of x and 1376?
32
Let j(l) = -l**3 - 12*l**2 - 52*l - 51. Let d be j(-5). Calculate the greatest common factor of 1224 and d.
34
Let k(m) = -2*m**2 + 42*m - 27. Let v = -53 - -73. Let f be k(v). Let s = f + 3. What is the highest common factor of 72 and s?
8
Let p be 46 + -42 + ((-29)/(-1) - 0). Calculate the greatest common divisor of p and 1221.
33
Let d = -4680 - -5114. Calculate the highest common divisor of d and 5425.
217
Let r be (-5168)/76*(5/4 - 2). Calculate the greatest common factor of r and 21.
3
Suppose 416 = -10*l - 494. Let z = l + 33. Let o = -42 - z. What is the highest common factor of o and 64?
16
Suppose -4*l - 386 = -s - 2*s, -3*l = -3*s + 387. Calculate the highest common factor of s and 105.
5
Let o(a) = -a**3 + 36*a**2 + 37*a - 3. Let t be o(37). Let b be (-15)/(t - -6) + 432. What is the greatest common factor of b and 7?
7
Let s be ((-30)/(-2))/(2 - -1). Suppose s*l = 99 + 126. Suppose -u + 7*x = 3*x - 34, -4*x - 52 = -2*u. Calculate the highest common factor of l and u.
9
Let o be -2*(-7*43 + (-2 + -10)/(-12)). What is the highest common divisor of o and 2160?
120
Suppose 201377 = 123*q + 36557. What is the greatest common factor of 260 and q?
20
Let u be -20*(4 + (-324)/30 + 5). What is the greatest common divisor of u and 2718?
18
Suppose 2*i - 646 = -4*u, -5*u = -7*i + 11*i - 1286. What is the greatest common factor of i and 11?
11
Let c(d) = -3*d**3 + d**2 + 46. Let g be c(0). Suppose 4*t + 36 = 11*l - 10*l, 2*t + g = l. What is the highest common factor of 16 and l?
8
Let u(f) = -f**2 + 20*f - 3. Let t be u(12). Let l = -741 - -744. Calculate the highest common factor of l and t.
3
Let o = 183 + -103. Suppose i = -4*l - 10, -5*i - 4*l + 40 = 10. Calculate the greatest common factor of i and o.
10
Let j(k) = 5*k**2 - 84*k + 12. Let u be j(17). Let c = u - -63. What is the highest common divisor of 69 and c?
23
Let y be (-11954)/(-1) - 2226/371. What is the highest common factor of 116 and y?
116
Let s be 111 + (-6 - 0*3/(9 - 6)). What is the greatest common factor of s and 20090?
35
Suppose 13*a - 1566 - 1892 = -25*a. What is the highest common divisor of a and 2?
1
Let o(u) = 2*u**3 - u**2 - 5*u + 3. Let r be o(2). Suppose 3*j = 0, 0 = -r*w - 3*j + 2*j + 1260. What is the highest common divisor of w and 36?
36
Suppose -p + 7*p - 48 = 0. Suppose -4*j = p, -5*j = -l + 17 + 42. Calculate the highest common divisor of 42 and l.
7
Let a(y) = 8*y**2 - 46*y - 4. Let h be a(8). What is the highest common factor of h and 1330?
70
Let f be -3*1 + -9 + 36. Let b = f - 22. Suppose 11*m + b = -c + 6*m, -20 = -3*c - 2*m. What is the highest common divisor of c and 20?
4
Let p(b) = -2 + 7 + 8 - 5*b. Let n be (6/8)/((-5)/20). Let z be p(n). What is the greatest common factor of 7 and z?
7
Suppose 0*c = -4*c + 76. Suppose 0 = -3*d - 10 + c. Suppose d*z + z = 2*y - 6, 0 = 5*y + 4*z - 71. Calculate the highest common factor of 143 and y.
11
Let d(j) = -73*j - 103. Let q be d(-3). Suppose -3*m - 725 = -4*l, -2*l + 246 = -2*m - q. Calculate the highest common factor of 52 and l.
26
Suppose 102 = 20*r + 22. Let t = 8 + -6. Suppose -t*d + 92 = -a, 5*d = 4*a + a + 240. Calculate the highest common factor of d and r.
4
Let a = -105 + 134. Let t = 29 - a. Suppose -2*o + 210 = d + o, t = -2*d + 4*o + 370. What is the highest common factor of d and 78?
39
Let m = 30785 + -21696. What is the highest common divisor of m and 61?
61
Suppose 6824*w - 84 = 6817*w. What is the greatest common factor of 60 and w?
12
Suppose 7*x + 3*x = 3300. Suppose -190 = -4*i + x. Suppose -10*v + i = -0. Calculate the highest common divisor of 13 and v.
13
Let r = 27 - 26. Let v be 28 + (-1)/2*-10 + r. Calculate the greatest common factor of v and 119.
17
Suppose 0 = -j - 44 + 80. Suppose 0 = -3*t - j + 42. Let h be t/(2/(-7) + 129/378). What is the greatest common factor of h and 12?
12
Let q(v) = -v - 5. Let y be q(-10). Suppose 7*b - y*b = -12. Let r(u) = -30*u - 9. Let g be r(b). What is the highest common factor of g and 19?
19
Let p = 1948 - 1660. Calculate the highest common factor of 312 and p.
24
Suppose 240 = 21*x - 11*x. Suppose l + x - 49 = 0. Calculate the highest common divisor of l and 10.
5
Let o be 5/((-5)/2) - -54. Suppose 0 = -5*w - 5*s + 335, -137 = -16*w + 14*w + s. Suppose w = 5*m + 3. Calculate the highest common divisor of m and o.
13
Let v = -435 + 534. Suppose 0*c = t - c + 2, 0 = 4*c - 4. Let n be (-1)/(3/33*t). Calculate the greatest common divisor of n and v.
11
Let o = -85 - -85. Suppose 33*t - 31*t - 1100 = o. Suppose 0 = -25*w + 26*w - t. What is the highest common factor of w and 50?
50
Let k(j) = -j**3 + 9*j**2 + 11*j - 5. Suppose -129 = -11*i - 19. Let c be k(i). Suppose -20*q + 19*q = -15. Calculate the highest common divisor of q and c.
5
Let c = -107 + 382. Suppose 159 = 3*o - b, -278*o - 5*b - 465 = -287*o. Calculate the highest common divisor of o and c.
55
Suppose 0 = -9*z + 2403 - 27. Let x = 1 + -15. Let k = 38 + x. Calculate the highest common factor of k and z.
24
Let y be 155 - (8/(-28)*-7 - (-32)/(-4)). Calculate the greatest common divisor of y and 736.
23
Suppose -100*s -